853 a composite number?
False
Is 317 prime?
True
Is 10249 composite?
True
Is 3181 a prime number?
True
Is 2449 a composite number?
True
Is 3011 composite?
False
Is 15229 a prime number?
False
Is 1294939 prime?
True
Is 5389 composite?
True
Is 40081 composite?
True
Is 41359 a prime number?
False
Is 41737 a prime number?
True
Is 95461 a prime number?
True
Is 170999 composite?
True
Is 205522 a prime number?
False
Is 626631 prime?
False
Is 3203 a composite number?
False
Is 1921 a prime number?
False
Is 82595 prime?
False
Is 50062 a composite number?
True
Is 25793 composite?
False
Is 3163 composite?
False
Is 1374673 prime?
True
Is 53569 a composite number?
False
Is 1637318 a prime number?
False
Is 147607 a prime number?
True
Is 13997 composite?
False
Is 11851 a prime number?
False
Is 274711 a composite number?
False
Is 4711 a prime number?
False
Is 242129 composite?
False
Is 10167 a composite number?
True
Is 15089 a composite number?
True
Is 74977 prime?
False
Is 2473 a prime number?
True
Is 55967 a prime number?
True
Is 787 a prime number?
True
Is 609215 composite?
True
Is 26149 composite?
True
Is 130807 composite?
False
Is 91241 prime?
False
Is 176474 a prime number?
False
Is 331057 composite?
True
Is 136849 prime?
True
Is 4861 a prime number?
True
Is 18398 composite?
True
Is 25763 a prime number?
True
Is 21011 prime?
True
Is 29479 composite?
True
Is 105617 composite?
True
Is 295633 composite?
True
Is 31945 a prime number?
False
Is 659 a composite number?
False
Is 6953 a prime number?
False
Is 102997 a prime number?
False
Is 15706 prime?
False
Is 364499 a prime number?
True
Is 1361 a prime number?
True
Is 445313 composite?
True
Is 213771 a prime number?
False
Is 81817 a prime number?
True
Is 8333 a prime number?
False
Is 281317 composite?
False
Is 4127 prime?
True
Is 312439 prime?
False
Is 34163 prime?
False
Is 7807 composite?
True
Is 341423 a prime number?
True
Is 217 prime?
False
Is 24602 composite?
True
Is 334931 prime?
True
Is 100921 composite?
True
Is 1769 composite?
True
Is 66227 a prime number?
False
Is 18593 prime?
True
Is 13567 prime?
True
Is 264766 composite?
True
Is 1277335 a prime number?
False
Is 447817 a composite number?
False
Is 251383 a composite number?
True
Is 3061 composite?
False
Is 184073 composite?
False
Is 2609 prime?
True
Is 472669 a prime number?
True
Is 2257 prime?
False
Is 132953 a composite number?
False
Is 6521 a prime number?
True
Is 1224257 a prime number?
True
Is 7061 prime?
False
Is 30341 prime?
True
Is 1545887 a prime number?
False
Is 27994 prime?
False
Is 8803 a composite number?
False
Is 1949 composite?
False
Is 88651 a prime number?
True
Is 1559731 prime?
True
Is 10177 prime?
True
Is 2845723 a prime number?
True
Is 413311 composite?
True
Is 3407 a prime number?
True
Is 2749 a composite number?
False
Is 271597 composite?
False
Is 16183 composite?
False
Is 4583 a composite number?
False
Is 28393 a composite number?
False
Is 915007 a composite number?
False
Is 5855 a prime number?
False
Is 85535 composite?
True
Is 4189 composite?
True
Is 57991 composite?
False
Is 6385 prime?
False
Is 10358 prime?
False
Is 917779 a composite number?
True
Is 68321 a composite number?
True
Is 151451 a composite number?
False
Is 297311 prime?
False
Is 132589 a composite number?
False
Is 409 composite?
False
Is 1255 prime?
False
Is 48073 prime?
True
Is 38009 a prime number?
False
Is 253333 a prime number?
False
Is 147601 prime?
False
Is 910087 composite?
True
Is 3499 composite?
False
Is 221909 a prime number?
True
Is 14834 composite?
True
Is 1837 a composite number?
True
Is 8923 composite?
False
Is 62723 a prime number?
True
Is 2579 composite?
False
Is 1319 a composite number?
False
Is 1073 a composite number?
True
Is 149191 a composite number?
True
Is 50789 composite?
False
Is 8923 composite?
False
Is 1068729 prime?
False
Is 47669 a prime number?
False
Is 52557 a composite number?
True
Is 34631 a prime number?
True
Is 142855 prime?
False
Is 7751 composite?
True
Is 73833 composite?
True
Is 30547 prime?
False
Is 3611 a prime number?
False
Is 155609 prime?
True
Is 5939 a prime number?
True
Is 107689 composite?
True
Is 216389 a composite number?
True
Is 116221 a prime number?
False
Is 7283 a composite number?
False
Is 46021 prime?
True
Is 7943473 composite?
False
Is 4721 a composite number?
False
Is 214177 a composite number?
False
Is 126677 a composite number?
True
Is 19121 composite?
False
Is 161953 a composite number?
True
Is 199211 a prime number?
True
Is 558287 prime?
True
Is 54251 a composite number?
False
Is 72682 prime?
False
Is 17539 a prime number?
True
Is 75931 a prime number?
True
Is 44261 a prime number?
False
Is 108263 a composite number?
False
Is 641051 composite?
False
Is 149269 a prime number?
True
Is 12039 a composite number?
True
Is 184409 a prime number?
True
Is 3022 a composite number?
True
Is 293803 composite?
False
Is 1099 a composite number?
True
Is 637919 prime?
False
Is 249287 composite?
False
Is 17197 a prime number?
False
Is 59089 composite?
True
Is 65829 a prime number?
False
Is 422453 a composite number?
False
Is 146582 a composite number?
True
Is 393119 composite?
True
Is 50657 a prime number?
False
Is 868541 a composite number?
True
Is 232987 a composite number?
False
Is 3457 composite?
False
Is 106291 composite?
False
Is 57415 prime?
False
Is 71087 composite?
True
Is 605629 a prime number?
True
Is 15863 prime?
False
Is 13445 prime?
False
Is 41461 prime?
False
Is 289 composite?
True
Is 24257 composite?
True
Is 3849953 a prime number?
False
Is 3053 a prime number?
False
Is 47567 prime?
False
Is 963059 prime?
False
Is 13571 prime?
False
Is 54123 composite?
True
Is 238417 a prime number?
True
Is 50929 a composite number?
False
Is 42491 a prime number?
True
Is 283079 a prime number?
True
Is 57373 prime?
True
Is 99971 a composite number?
False
Is 25693 a composite number?
False
Is 50613 a composite number?
True
Is 1814 composite?
True
Is 11617 composite?
False
Is 30298 a prime number?
False
Is 4299 a composite number?
True
Is 3323069 a composite number?
False
Is 118774 composite?
True
Is 795485 prime?
False
Is 21085 a prime number?
False
Is 14461 a composite number?
False
Is 1899203 prime?
False
Is 230137 composite?
False
Is 69109 a composite number?
False
Is 36997 prime?
True
Is 10645 a prime number?
False
Is 3389 a prime number?
True
Is 391 composite?
True
Is 12497 a composite number?
False
Is 210943 prime?
True
Is 5297 composite?
False
Is 893317 composite?
False
Is 7427 prime?
False
Is 254287 composite?
True
Is 203381 a prime number?
True
Is 2827 a composite number?
True
Is 1319 prime?
True
Is 31511 a prime number?
True
Is 89589 a prime number?
False
Is 16879 composite?
False
Is 21929 prime?
True
Is 100001 a prime number?
False
Is 1727 a composite number?
True
Is 6 prime?
False
Is 3147 composite?
True
Is 23281 a composite number?
True
Is 7741 a prime number?
True
Is 4513 composite?
False
Is 743711 a prime number?
True
Is 10843 composite?
True
Is 42209 composite?
False
Is 914053 composite?
True
Is 42043 composite?
False
Is 100609 a composite number?
False
Is 312218 a prime number?
False
Is 34991 a composite number?
True
Is 73417 composite?
False
Is 54569 prime?
False
Is 813931 a composite number?
False
Is 4337 prime?
True
Is 2402 composite?
True
Is 29663 a prime number?
True
Is 13303 a composite number?
True
Is 2741 prime?
True
Is 8009 composite?
False
Is 310771 a prime number?
True
Is 274099 prime?
False
Is 5711 prime?
True
Is 24809 a composite number?
False
Is 16963 a composite number?
False
Is 1249 composite?
False
Is 1797 prime?
False
Is 5435 a prime number?
False
Is 38273 a prime number?
True
Is 8171 composite?
False
Is 8641 a composite number?
False
Is 13399 prime?
True
Is 673019 a prime number?
True
Is 587 a prime number?
True
Is 1663859 prime?
False
Is 524633 composite?
False
Is 1500403 prime?
False
Is 753 composite?
True
Is 6313 prime?
False
Is 9974 a composite number?
True
Is 32957 a composite number?
False
Is 1101763 composite?
True
Is 1657 composite?
False
Is 612895 a prime number?
False
Is 7383713 a composite number?
True
Is 357577 a composite number?
True
Is 63287 a composite number?
True
Is 55381 prime?
True
Is 281363 a composite number?
False
Is 118127 a prime number?
True
Is 124393 prime